hat are the prime factors of 7773668?
2, 7, 313, 887
What are the prime factors of 886881?
3, 101, 2927
List the prime factors of 222570.
2, 3, 5, 2473
What are the prime factors of 442759?
41, 10799
List the prime factors of 21896.
2, 7, 17, 23
List the prime factors of 215899.
215899
List the prime factors of 272153.
7, 17, 2287
List the prime factors of 365767.
499, 733
What are the prime factors of 1245308?
2, 433, 719
What are the prime factors of 99177?
3, 13, 2543
What are the prime factors of 3681251?
7, 525893
What are the prime factors of 12079839?
3, 19, 211927
List the prime factors of 4776755.
5, 23, 73, 569
What are the prime factors of 10704681?
3, 13, 91493
List the prime factors of 239168.
2, 37, 101
What are the prime factors of 3050474?
2, 7, 109, 1999
What are the prime factors of 646624?
2, 11, 167
List the prime factors of 2245208.
2, 7, 40093
List the prime factors of 2167570.
2, 5, 216757
List the prime factors of 3522092.
2, 7, 125789
List the prime factors of 1888252.
2, 472063
What are the prime factors of 10852802?
2, 811, 6691
What are the prime factors of 272021?
23, 11827
What are the prime factors of 3207266?
2, 41, 39113
What are the prime factors of 136849?
136849
What are the prime factors of 4506992?
2, 7, 40241
What are the prime factors of 34977742?
2, 17488871
What are the prime factors of 9648?
2, 3, 67
What are the prime factors of 605025?
3, 5, 2689
What are the prime factors of 301402?
2, 37, 4073
List the prime factors of 22345.
5, 41, 109
What are the prime factors of 3647741?
17, 229, 937
What are the prime factors of 1720601?
167, 10303
What are the prime factors of 264512?
2, 4133
List the prime factors of 125492.
2, 137, 229
What are the prime factors of 4671343?
73, 89, 719
What are the prime factors of 30949811?
31, 998381
What are the prime factors of 126385?
5, 7, 23, 157
List the prime factors of 800551.
47, 17033
List the prime factors of 29862447.
3, 9954149
List the prime factors of 2238.
2, 3, 373
List the prime factors of 1016744.
2, 73, 1741
What are the prime factors of 1342648?
2, 23, 7297
What are the prime factors of 23076042?
2, 3, 11, 349637
List the prime factors of 12786775.
5, 59, 8669
List the prime factors of 1593921.
3, 7, 1549
List the prime factors of 242806.
2, 121403
List the prime factors of 1545316.
2, 386329
List the prime factors of 1835372.
2, 7, 11, 59, 101
List the prime factors of 13059378.
2, 3, 463, 1567
List the prime factors of 2256802.
2, 97, 11633
List the prime factors of 1571895.
3, 5, 13, 2687
List the prime factors of 1336434.
2, 3, 11, 20249
What are the prime factors of 2877579?
3, 197, 541
What are the prime factors of 104059?
104059
What are the prime factors of 13617714?
2, 3, 11, 17, 53, 229
List the prime factors of 2732842.
2, 7, 195203
What are the prime factors of 584748?
2, 3, 37, 439
List the prime factors of 2138509.
367, 5827
What are the prime factors of 554703?
3, 184901
List the prime factors of 345241.
13, 26557
List the prime factors of 1032907.
23, 44909
What are the prime factors of 54?
2, 3
What are the prime factors of 1503351?
3, 167039
What are the prime factors of 4651464?
2, 3, 193811
What are the prime factors of 4803843?
3, 11, 17, 8563
List the prime factors of 813350.
2, 5, 16267
List the prime factors of 1740570.
2, 3, 5, 13, 4463
What are the prime factors of 699685?
5, 7, 19991
What are the prime factors of 2001578?
2, 179, 5591
What are the prime factors of 22998?
2, 3, 3833
What are the prime factors of 6157577?
19, 37, 461
What are the prime factors of 188080?
2, 5, 2351
List the prime factors of 521267.
521267
List the prime factors of 340270.
2, 5, 7, 4861
List the prime factors of 323027.
323027
What are the prime factors of 17998619?
17998619
What are the prime factors of 2890995?
3, 5, 37, 5209
What are the prime factors of 2132510?
2, 5, 107, 1993
List the prime factors of 5572224.
2, 3, 7, 691
List the prime factors of 4754556.
2, 3, 132071
What are the prime factors of 12192102?
2, 3, 13, 52103
List the prime factors of 6065200.
2, 5, 59, 257
List the prime factors of 3890252.
2, 31, 137, 229
List the prime factors of 300238.
2, 19, 7901
List the prime factors of 16656813.
3, 71, 8689
What are the prime factors of 13975843?
7, 1996549
List the prime factors of 2147876.
2, 131, 4099
What are the prime factors of 9334732?
2, 11, 353, 601
List the prime factors of 71941.
71941
List the prime factors of 802061.
13, 103, 599
What are the prime factors of 24009150?
2, 3, 5, 11, 14551
List the prime factors of 35472593.
13, 431, 487
List the prime factors of 278505.
3, 5, 2063
What are the prime factors of 291348?
2, 3, 8093
What are the prime factors of 199271?
89, 2239
List the prime factors of 1330267.
17, 4603
What are the prime factors of 1716015?
3, 5, 7, 59, 277
List the prime factors of 627404.
2, 109, 1439
What are the prime factors of 9546471?
3, 11, 32143
List the prime factors of 67541.
17, 29, 137
What are the prime factors of 463524?
2, 3, 19, 107
What are the prime factors of 960083?
167, 5749
What are the prime factors of 590613?
3, 196871
What are the prime factors of 6131016?
2, 3, 17, 5009
What are the prime factors of 8325289?
7, 1189327
What are the prime factors of 113586?
2, 3, 11, 1721
What are the prime factors of 521983?
7, 11, 6779
List the prime factors of 9642469.
157, 61417
List the prime factors of 1642427.
73, 149, 151
What are the prime factors of 32252?
2, 11, 733
List the prime factors of 7686976.
2, 11, 61, 179
List the prime factors of 2217768.
2, 3, 7, 43, 307
List the prime factors of 480605.
5, 19, 5059
What are the prime factors of 5299028?
2, 7, 189251
List the prime factors of 5014924.
2, 173, 7247
What are the prime factors of 31038701?
223, 139187
List the prime factors of 5698605.
3, 5, 11, 34537
List the prime factors of 215955.
3, 5, 4799
List the prime factors of 267612.
2, 3, 29, 769
What are the prime factors of 27861929?
17, 47, 34871
List the prime factors of 247413.
3, 82471
List the prime factors of 1138195.
5, 19, 11981
What are the prime factors of 8320?
2, 5, 13
List the prime factors of 33361.
73, 457
List the prime factors of 2822453.
571, 4943
What are the prime factors of 35994520?
2, 5, 899863
What are the prime factors of 18456?
2, 3, 769
What are the prime factors of 748516?
2, 187129
List the prime factors of 25565945.
5, 5113189
What are the prime factors of 354259?
354259
What are the prime factors of 496683?
3, 11, 29, 173
What are the prime factors of 1539667?
211, 7297
What are the prime factors of 12079781?
7, 1725683
What are the prime factors of 709624?
2, 107, 829
What are the prime factors of 1335889?
1335889
What are the prime factors of 7355951?
17, 103, 4201
What are the prime factors of 29610?
2, 3, 5, 7, 47
What are the prime factors of 3818847?
3, 499, 2551
What are the prime factors of 1354174?
2, 239, 2833
What are the prime factors of 618711?
3, 206237
What are the prime factors of 3503137?
11, 318467
What are the prime factors of 123086?
2, 61543
What are the prime factors of 709110?
2, 3, 5, 7879
List the prime factors of 7188313.
11, 673, 971
What are the prime factors of 4015695?
3, 5, 267713
List the prime factors of 205202.
2, 37, 47, 59
What are the prime factors of 109174?
2, 13, 17, 19
What are the prime factors of 25059253?
31, 808363
List the prime factors of 19663096.
2, 691, 3557
List the prime factors of 8969546.
2, 4484773
List the prime factors of 1824551.
19, 109, 881
List the prime factors of 2725114.
2, 7, 61, 3191
List the prime factors of 4303692.
2, 3, 37, 359
What are the prime factors of 413772?
2, 3, 29, 41
What are the prime factors of 9882104?
2, 1235263
What are the prime factors of 9961237?
11, 13, 41, 1699
What are the prime factors of 1846391?
31, 59561
List the prime factors of 1007529.
3, 335843
List the prime factors of 279855.
3, 5, 691
What are the prime factors of 178262?
2, 7, 17, 107
List the prime factors of 453140.
2, 5, 139, 163
List the prime factors of 1552795.
5, 310559
List the prime factors of 324436.
2, 7, 11587
List the prime factors of 419991.
3, 11, 13, 89
List the prime factors of 49791.
3, 7, 2371
What are the prime factors of 2019519?
3, 74797
What are the prime factors of